).
3
Suppose 5*v + 140 = -5*o, -3*v - 98 = -4*o - 0*o. Let s = -28 - v. Let q(d) = d**3 - d**2 - 2*d + 3. What is q(s)?
3
Let d(m) = -m - 4. Let t(s) = -s**3 - 11*s**2 - s - 18. Let v be t(-11). Give d(v).
3
Let r = 292 + -285. Let f(n) = n - 10. What is f(r)?
-3
Let j(f) = -f**2 + 4*f - 4. Let t(l) = l**3 - 18*l**2 + 15*l + 38. Suppose -12*g + 153 + 51 = 0. Let m be t(g). Determine j(m).
-4
Let f = -33 + 35. Let k(q) = 5*q**2 - 1. Calculate k(f).
19
Let x(t) = t**2 - 9*t + 7. Let k be 1526/(-21) - 4/3. Let q = 80 + k. Calculate x(q).
-11
Let d(u) = -u**3 - 13*u**2 - 2. Let i be 6/(2 - 0) - 16. Let z be d(i). Let v be 2 + z + 2 + 0. Let f(o) = o**3 - 2*o**2. Determine f(v).
0
Let j = -577 + 582. Let h(c) be the second derivative of -c**2 + 0 - 4*c + 1/20*c**j - 1/3*c**3 + 1/6*c**4. Calculate h(-3).
-5
Let t be 10/(-45) - (-1 - 33/27). Let z(u) = -8*u - 268*u**2 - 4 - 264*u**2 + 533*u**t. Determine z(8).
-4
Suppose -d = -r, -d = -0*r + 5*r - 18. Suppose -d = 2*y + b - 9, 5*y - 17 = -2*b. Suppose -w + 6*w = y. Let x(t) = -11*t**2. Give x(w).
-11
Let z(l) = 2*l**2 - 2*l + 3. Let b be 1*40*(28/(-8))/(-7). Let c = 22 - b. Give z(c).
7
Let x(h) be the third derivative of h**6/120 - h**5/12 - 3*h**4/8 + 3*h**3/2 + 33*h**2. Calculate x(7).
44
Let h(r) be the third derivative of -r**5/60 + r**4/24 - r**3/3 - 19*r**2 + 1. Give h(2).
-4
Let u(b) = 2*b**2 + b - 2. Let r(m) = -m**2 + 8*m - 2. Let p(h) = -h**2 + h + 1. Let x be p(1). Let g(n) = 8*n. Let z be g(x). Let s be r(z). Calculate u(s).
4
Suppose 5*w - 19 = -f, -6*f + 8*f - 4*w + 4 = 0. Let k(l) = -12*l + 12 - 7 - f. Calculate k(1).
-11
Let p(b) = b**2 - b - 13. Let k be p(4). Let u(n) = 3*n + 1. Determine u(k).
-2
Let l(p) = -p**2 - 2*p + 3. Let b = 20 - 16. Let a(j) = -j**3 + 6*j**2 + 7*j + 2. Let n be a(7). Suppose 16 = 2*g - b*s, n*g - 7*g + 2*s + 16 = 0. Give l(g).
-5
Let n(j) = -3*j - 1. Let o = 95 + -91. Suppose -2*t - 18 = -o*i, -4*i = -0*i - 5*t - 33. Calculate n(i).
-7
Let u(p) = -p**3 + p**2 - p - 2. Suppose -n + 4*n = 0. Suppose w + 3*g - 17 = n, 11 + 6 = w - 2*g. Let s(b) = -b + 17. Let v be s(w). Determine u(v).
-2
Let k(u) be the second derivative of 2*u - 1/20*u**5 - 1/4*u**4 - 3 + 1/2*u**2 + 1/3*u**3. What is k(-4)?
9
Let c(k) = k**3 + k**2 - 3*k - 2. Let o be c(-2). Let y(n) = n + n - n - 3 + o*n. Determine y(0).
-3
Let n be (-1)/(-5) - (-112)/40. Let u be 2/n + (-55)/33. Let j(h) = 8*h**2 - h. Calculate j(u).
9
Let d(k) = 4*k + 6. Let x = 61 + -65. Determine d(x).
-10
Let q(l) = -2*l**3 + 4*l**2 + 3*l. Let k be q(-1). Let h(x) = 2*x + 3. What is h(k)?
9
Let r(p) = -p**2 + 5. Let i(d) = d**3 - 8*d**2 + 5*d + 1. Let y be i(7). Let g = y + 17. Suppose -20 = g*l, 0 = -w - 5*l - 12 - 9. Calculate r(w).
-11
Let p(w) = -w**3 - 10*w**2 - 8*w + 13. Let a be (0 - 30/20)*6. Give p(a).
4
Let l(o) be the second derivative of -1/12*o**4 + 0 + 12*o + 0*o**3 - 4*o**2. Calculate l(0).
-8
Let o(n) = -5*n**3 + 14*n**2 - 14*n. Let i(v) = -12*v**3 + 28*v**2 - 28*v - 1. Let a(b) = 2*i(b) - 5*o(b). What is a(13)?
11
Let u(g) = -5*g**2 - 17*g - 16. Let i(o) = 2*o**2 + 6*o + 5. Let j(s) = s - 1. Let b be j(4). Let n(z) = b*u(z) + 8*i(z). Calculate n(6).
10
Let j(r) = 5*r**2 + 34*r - 9. Let a be j(-7). Let p(m) = -11*m - 3. Give p(a).
19
Let j be (10/6)/(6/18). Let n(l) = -l**3 + 11*l**2 - 5*l - 11. Let b(o) = o**3 - 10*o**2 + 5*o + 9. Let k(r) = -5*b(r) - 4*n(r). What is k(j)?
-1
Suppose -69*x - 88 = 326. Let p(g) = -g**2 - 2*g + 6. Determine p(x).
-18
Let p(g) = -g - 4*g + 41 - 21 - 22. What is p(2)?
-12
Let v(i) = -4*i**2 - 6*i - 3*i + i**2 + 11*i**2 - 6*i**2 + 8. Determine v(6).
26
Let x(w) = 4*w - 75. Let p be x(19). Let y(k) be the second derivative of 0*k**3 + 0 + 2/3*k**4 + k - 1/2*k**2. Determine y(p).
7
Let j(q) = 5519 + 3*q - 2*q - 5518 - 2*q**3 - 3*q**2. Calculate j(2).
-25
Let x(j) = j**3 + 4*j**2 - 6*j - 3. Let i(n) = n**2 + 2*n - 11. Let z be i(-6). Let h = z + -11. Suppose -6*b + 10 = -2*c - b, b = h*c + 10. What is x(c)?
2
Let c(l) = -l - 2*l**2 - 2*l**2 - 1 + 5*l**2. Let m(t) = 4*t**2 - 4*t + 3. Let q(z) = 5*c(z) - m(z). Let x = -30 + 30. Give q(x).
-8
Suppose 3*x = -2*u - 25, -5*u - 3*x + 4*x - 20 = 0. Let i(g) be the second derivative of -g**4/12 - 5*g**3/6 + 3*g**2/2 - 1127*g. What is i(u)?
3
Let w(y) = 5*y - 75. Let o be w(13). Let x(z) = 5*z + 12. Calculate x(o).
-38
Let z(i) = -2*i**2 - 9*i + 4. Let x(r) = -r**2 - 8*r + 3. Let g(o) = -3*x(o) + 2*z(o). What is g(6)?
-1
Let c(z) = 15*z. Let b be (-6)/4*200/(-30). Suppose -a + b = 5*p, 5*p - 10 = -a + 2*a. Suppose x - 3*x + 2*q = p, -x - q + 3 = 0. Calculate c(x).
15
Suppose -32*b - 34 + 130 = 0. Let k(u) be the second derivative of u**5/20 - u**4/3 + u**3/2 + u**2/2 - 5*u. Determine k(b).
1
Let a(d) = -5*d**3 - 4*d**2 + 9*d - 2. Let j(u) = -9*u**3 - 8*u**2 + 17*u - 4. Let n(r) = -11*a(r) + 6*j(r). Let k be n(3). Let w(m) = -3*m - 3. What is w(k)?
3
Suppose -6*h + 14 = 2. Let w(i) = 2*i - 1 - 6*i - 5*i**h + i**2 + 2*i**2. Give w(-3).
-7
Suppose -2*t = -w - 0*t + 3, -t = 3*w + 19. Let d be (-23)/(-4) + w + (-49)/(-4). Let n(b) = -b**3 + 13*b**2 + b - 12. What is n(d)?
1
Let j(b) = b**2 + b. Let s be j(-2). Let p be 6 + -1 - 1 - 1. Let k(v) = -5*v**3 - v**2 + 6*v**3 - 2 - p*v**2. Determine k(s).
-10
Let v = -993 - -988. Let p(g) = g**2 + 7*g + 6. Determine p(v).
-4
Let t(a) = 3*a + 5*a + 7 + 4*a**2 - 3*a**2. Suppose -10 = j + d, 3*d + 0*d + 18 = -j. Calculate t(j).
-5
Let b(g) be the second derivative of g**5/60 - g**4/3 - g**3/3 + 5*g**2 + 11*g. Let s(y) be the first derivative of b(y). Determine s(8).
-2
Suppose -3*z + 39 - 6 = 0. Let d(p) be the first derivative of -7 - p + 19 - z + p**2. Calculate d(-5).
-11
Let c(p) = -p - 7*p + 2*p + 2 + p**2. Let o(m) = -m**3 + 11*m**2 + 14*m - 18. Suppose -2*y = -4 - 20. Let t be o(y). Give c(t).
2
Let o(m) = -15 - 10*m + 12 + 1 + m**2. Calculate o(11).
9
Let p(i) = 2*i + 9. Let k be -1 + 57/(-9)*-3. Suppose 6*y - k + 0 = 0. Suppose 24 = -y*o - o. Determine p(o).
-3
Let v(h) = -h - 5. Suppose -q + 9 = -5*u - 5, 4*q - 20 = 2*u. Let c be q/18 - 2191/(-63). Suppose 4*b - c = 3*p - 0*b, -p - b = 0. Calculate v(p).
0
Suppose -3*a = 5*m - 100, -95 = -3*a + 3*m - 11. Let x = 16 - a. Let w = x + 11. Let q(n) = -n**3 + 3*n - 3. What is q(w)?
15
Let w be (-7)/(9*5/45). Let p(a) = -4*a - 12. Determine p(w).
16
Let r = -37 + 41. Suppose -r*c + 148 = f - 6*f, -4*c + 2*f = -148. Let n = -40 + c. Let k(m) = -m - 2. Calculate k(n).
1
Let c(p) be the second derivative of 2*p**4/3 - p**3/6 + p**2/2 - p. Let t be (-2 - -10)*(-2)/(-8). Suppose t*s - 3 = 6*u - 3*u, -5*s + 18 = 3*u. Give c(u).
8
Let u(r) = 3*r**3 - 31*r**2 - 12*r - 95. Let p(s) = s**3 - 10*s**2 - 3*s - 31. Let j(h) = 7*p(h) - 2*u(h). Determine j(8).
-3
Let q(d) = d**2 + 3*d + 2. Let w be 1*0*(12/(-8) + 2). Let s be (w + 3)*(4/(-4) - 0). Calculate q(s).
2
Suppose -2*o = -0*o - 8. Suppose -x = -o*u - 3*x + 26, 0 = 5*u - 4*x. Let v(k) = 6*k - u*k - 8*k - 9 + 5*k. Determine v(-5).
-4
Let r(j) = j**2 + 5*j + 3. Let z be -24 + 32 - (1 + 0). Suppose z = 4*m - 5. Suppose 4*s + 12 = -m*v, -3 = s - 0*v - 2*v. What is r(s)?
-3
Suppose 4*d + 14 = -5*f, 10*d + 4*f + 6 = 12*d. Let m(v) = 21*v. What is m(d)?
-21
Let j(l) = -26755*l - l**2 + 1 + 0 + 26754*l. What is j(-3)?
-5
Suppose 5*h + 5*j = 5, 2*h - h - 3*j + 7 = 0. Let r(u) = 13*u**2 - u - 1. What is r(h)?
13
Let j(x) = 6*x - 17. Let b be j(4). Let y(f) = 2*f - 6. What is y(b)?
8
Suppose -3*k + 108 = k. Suppose -15 = -7*w + k. Let p(q) = -7*q + w*q + 3*q + q**3 - 2 - q + 3*q**2. Determine p(-3).
-5
Let r(q) = -q - 12. Let c(x) = 36 - 8*x**2 + 0*x**3 - 16*x - 3*x**3 - 11*x**2 + 2*x**3. Let k be c(-18). Determine r(k).
-12
Let t = 1146 - 1134. Let c(r) = r**2 - 11*r - 9. Give c(t).
3
Let m(g) = -g + 3*g + 6*g**2 - g**3 - 4*g**3 + 6*g**3 + 9. Calculate m(-6).
-3
Let v be (1 + -2)*(-3 - 1). Let n be 2/v + (-15)/(-2). Let f(b) = -b**3 + 4*b**2. Let g(c) = c**3 - 3*c**2 + 1. Let h(y) = -5*f(y) - 4*g(y). What is h(n)?
-4
Let k be (-2)/(-13) + (-24)/(-13). Let u(m) = -7*m**3 - m**k + 12*m**3 - m + m. Let g(d) = d**2 + 6*d + 4. Let z be g(-5). Give u(z).
-6
Let q be 18/(-6) - (-8 - -3). Let o(b) be the third derivative of 0 + 1/24*b**4 + 0*b - b**3 + 8*b**q. Give o(6).
0
Let j(n) be the first derivative of n**3/3 +